
30
Suppose -3*k + 1365 = 4*k. Let y be 2314/k - 4/(-30). Calculate the greatest common divisor of y and 18.
6
Let w = 76 + 12. What is the highest common factor of w and 77?
11
Suppose -3*g = -16*g + 78. What is the highest common divisor of g and 15?
3
Let p(k) = 244*k**2 - 3*k + 2. Let v be p(2). Let s be (v/45)/(4/70). What is the highest common factor of 42 and s?
42
Suppose d - 21 = -a, -3*d + 2*d - 3 = -5*a. Suppose z - 3*w + w = d, -3*z = -5*w - 54. Calculate the highest common divisor of 23 and z.
23
Let f be 30/(-4)*8/(-12). Suppose -i + 1 = -f. Suppose -110 = -4*y - 14. What is the highest common divisor of i and y?
6
Let b(h) = h**2 + 29*h - 233. Let n be b(-46). Calculate the greatest common factor of 61 and n.
61
Suppose 1345 + 1559 = 22*y. What is the greatest common divisor of y and 12?
12
Let g = -65 - -69. Suppose 3*l + 2 = -l + 3*d, -l - 3*d = -7. Calculate the highest common factor of g and l.
1
Let d(o) = o**2 + 53*o - 404. Let l be d(7). What is the greatest common factor of 164 and l?
4
Suppose 1140 = 5*k + 15*k. Calculate the greatest common divisor of k and 171.
57
Let c(t) = -3*t + 20. Let y be ((-48)/(-15))/((-2)/(-5)). Let n be c(y). Let m be (-22)/n + (-3)/(-6). Calculate the greatest common factor of 42 and m.
6
Let q = -27 + 38. Let a = q + 2. Suppose 609 = 5*p + 89. Calculate the highest common divisor of a and p.
13
Suppose -15*l = -26*l + 924. Suppose -140 = -q - 4*q. What is the highest common divisor of l and q?
28
Let a = -13 + 24. Let m(j) = -j**2 + 15*j - 10. Let c be m(a). Suppose d - 91 = c. What is the greatest common divisor of d and 50?
25
Let g be (927 - 0)/((-15)/(-70)*7). Calculate the greatest common factor of g and 6.
6
Let w be 608/12*(-3)/(-2). Suppose 0 = -4*j - 0*j + w. Suppose 0 = -4*t + 318 + 290. Calculate the highest common factor of j and t.
19
Let p = 87 - 15. Let f = 10 + 14. What is the greatest common divisor of p and f?
24
Let i = -1 - -4. Suppose 0 = q + 4*y - i, -7 = 3*y - 1. Suppose l + 4*u = q, -3*u + 15 - 63 = -3*l. What is the highest common factor of 75 and l?
15
Suppose 5*r + 1980 = 5*t, -2*t - 7*r + 792 = -2*r. Let i(f) = -18*f - 154. Let d be i(-11). Calculate the highest common factor of t and d.
44
Let c(l) = l**3 - 4*l**2 - 3*l - 13. Let r be c(9). Let u = -239 + r. Let i = 859 + -845. What is the greatest common divisor of i and u?
14
Suppose -52 = 3*x - 172. Calculate the greatest common factor of x and 10.
10
Let d = 50 - 41. Let z(q) = q**2 - 6*q - 9. Let r be z(d). Let n be 45*(2 - (-16)/(-10)). What is the highest common divisor of n and r?
18
Suppose 40 = 2*l + 4*b, 5*l + 4*b = 31 + 93. What is the greatest common factor of 756 and l?
28
Suppose -b - 6*n + 2*n = -352, 5*b - 2*n - 1826 = 0. Calculate the greatest common divisor of 28 and b.
28
Suppose 0 = 82*c - 94*c + 1740. What is the greatest common divisor of 58 and c?
29
Suppose -5*z + 4 = -6. Suppose -z*f + 6 = -10. Let u = -8 + 20. Calculate the greatest common factor of f and u.
4
Let z be 4/(-3) + (-13)/((-819)/5376). What is the greatest common divisor of 96 and z?
12
Suppose h - 5*h = -4. Let p be 3/h - (-2)/(-2). Suppose 123 - 119 = 2*s. Calculate the greatest common divisor of p and s.
2
Let z be 4 + (-63)/((-15)/5). Suppose -2*v - 4 = 0, 3*q + 52 = 4*q - v. Calculate the highest common divisor of q and z.
25
Suppose -11*l - 39 = -193. Calculate the highest common divisor of 22 and l.
2
Suppose -u = 4*o - 80, 2*u = 5*o + 4*u - 100. Suppose 0 = -o*m + 15*m + 10. Let z be 65/4 - m/8. What is the highest common factor of z and 144?
16
Suppose -3*i + 5*o = -15, 3*i - 25 = -o + 8. What is the greatest common factor of i and 2?
2
Suppose -2*f = -5*n + 393, 20*n + 2*f = 22*n - 162. Calculate the highest common factor of n and 22.
11
Let k(b) = -7*b**2 - 10*b - 33. Let f(t) = 3*t**2 + 5*t + 16. Let x(a) = 9*f(a) + 4*k(a). Let h be x(6). What is the greatest common divisor of 66 and h?
6
Suppose -63*q + 3905 = -58*q. What is the highest common divisor of q and 284?
71
Suppose -2*o + 26 = -2*k, -5*o + 0*k + k = -53. Suppose 0 = -4*j + 2*h + 358, j - 4*h + h = 87. What is the highest common divisor of o and j?
10
Let f = 502 - 278. Calculate the highest common factor of f and 32.
32
Let p = -6 + 10. Suppose -p*b - 8 = 0, -4*c - c = 5*b - 340. Suppose -c = -8*k + 3*k. What is the highest common divisor of 56 and k?
14
Let p(i) = -i + 11. Let y be p(12). Let v be 19/5 + (y - (-6)/5). What is the highest common divisor of v and 2?
2
Let d = -1280 + 1328. Suppose 12 = s - 0*s. Calculate the highest common factor of s and d.
12
Suppose -4*y + 2*f + 93 = y, 0 = 3*f + 12. Let b be -52 + -1 + 1 - 2. Let n = 14 - b. Calculate the greatest common divisor of n and y.
17
Let r be -4*(-1)/22 - 2/11. Suppose 10*f - 2*f - 160 = r. Calculate the greatest common factor of f and 10.
10
Suppose -1076 = -48*m + 1228. Suppose -5*d + 372 = -4*k, -199 - 98 = -4*d + 3*k. Calculate the highest common divisor of d and m.
24
Let t = -378 - -417. What is the highest common divisor of t and 13?
13
Let y(v) = -26*v - 67. Let t be y(-7). What is the greatest common factor of 5 and t?
5
Let q(t) = 2*t**3 + 11*t**2 - 16*t + 17. Let x be q(-6). Calculate the highest common divisor of 385 and x.
77
Let b(i) = 120*i**2 - i - 1. Let n be b(-1). Let q be 20/35 + 556/7. What is the greatest common divisor of q and n?
40
Let z(d) = 953*d**2 + 9*d - 2. Let n be z(1). What is the greatest common factor of n and 8?
8
Let v(j) = -10*j + 8. Let r(b) = -7*b + 5. Let m(q) = -8*r(q) + 5*v(q). Let d be m(1). Suppose -3*x = -d*x + 9. Calculate the highest common factor of 12 and x.
3
Suppose 9 + 156 = 5*k. Suppose 4*p = -3*l + 128, -3*l - 3*p + 173 = l. What is the highest common factor of k and l?
11
Let k(n) = 18*n**2. Let c be k(1). Let v = -10 + c. Suppose 2*t - 12 = -3*s, 0 = 3*s - 4*t - 6 - 6. What is the greatest common factor of v and s?
4
Let u(g) = -7*g**2 + 4*g - 12. Let z be u(5). Let b = -150 - z. Suppose m - 46 = 90. What is the highest common factor of m and b?
17
Suppose 31 + 17 = 4*g. Let k(d) = -2*d**2 + d + 30. Suppose 3*v - 2*p - 2 = 0, -3 + 0 = 3*p. Let h be k(v). Calculate the greatest common factor of h and g.
6
Let s be 65*5/((-100)/(-16)). Let i = s + -31. Calculate the greatest common divisor of 42 and i.
21
Let v = 21 - 16. Suppose -7 = -4*n + v. Suppose 5*z - 56 = -n*f - 0*z, -5*z = 4*f - 83. Calculate the greatest common factor of 243 and f.
27
Let x = -2 - -6. Suppose x + 0 = z. What is the greatest common divisor of z and 16?
4
Suppose u - 2*z - 25 = 0, u + 2*z = -3*z + 60. Let q be 18 - (-1 + 5/1). What is the greatest common factor of q and u?
7
Let w = -307 - -328. Let z = 402 + -234. Calculate the highest common divisor of z and w.
21
Suppose -7344 = -8*u - 28*u. What is the highest common divisor of u and 765?
51
Suppose -z - 3*v = -220, -6*z = -z - 5*v - 1020. What is the greatest common divisor of 26 and z?
26
Let t = -5 - -7. Suppose -t*p - p + 36 = 0. Suppose 0 = 7*u - 31 - 14 + 3. What is the highest common factor of u and p?
6
Let c = -133 + 291. Suppose -12*i = -c - 10. What is the highest common divisor of i and 35?
7
Let h(g) = -21*g + 1. Let l be 2/12 + 63/(-54). Let v be h(l). Calculate the highest common divisor of v and 176.
22
Suppose 7*u + u = 0. Let p be (-8 - -7) + (6 - u). Let l = -3 + 4. Calculate the greatest common factor of l and p.
1
Let m(g) = 9*g + 19. Let q be m(0). Suppose 5*o - 3 = 12. Suppose 418 = -o*b + 5*b. What is the highest common factor of q and b?
19
Let k = 33 - 4. Let q = k + -2. What is the highest common divisor of q and 18?
9
Let p(o) = -24*o**3 - 14*o**2 - 41*o - 3. Let h be p(-5). What is the highest common factor of h and 46?
46
Let m(z) = z**2 + 4*z + 3. Let p be m(-5). Let v(r) = -3*r + 23. Let k be v(7). Calculate the greatest common factor of k and p.
2
Let z be 39/96*4*8. Suppose 8*p - 3*p - 65 = 0. Calculate the highest common factor of z and p.
13
Let u = 5 + -3. Let l = -118 - -124. What is the highest common factor of l and u?
2
Let n(w) = w**3 - 11*w**2 - 13*w + 13. Let c be n(12). Let s(x) = 3*x**3 + 3*x - 2. Let b be s(c). What is the greatest common factor of 44 and b?
4
Let l(k) = 2*k**3 - 16*k**2 + 17*k + 21. Let u be l(7). Calculate the greatest common factor 